
{"id":328,"date":"2015-05-20T10:51:56","date_gmt":"2015-05-20T10:51:56","guid":{"rendered":"http:\/\/lasfontaninas.es\/vacaciones\/?page_id=328"},"modified":"2022-11-16T15:15:53","modified_gmt":"2022-11-16T15:15:53","slug":"noceda-del-bierzo","status":"publish","type":"page","link":"https:\/\/lasfontaninas.es\/hotelruralbierzo\/noceda-del-bierzo\/","title":{"rendered":"DONDE ESTAMOS"},"content":{"rendered":"<table style=\"border-color: #ffffff;\" border=\"0\" cellpadding=\"0\">\n<tbody>\n<tr>\n<td><span style=\"color: #000000;\">Nos encontramos en Noceda del Bierzo, Municipio de la Comarca del Bierzo, en la provincia de Le\u00f3n, lugar precioso donde abundan los casta\u00f1os, robles, nogales y verdes prados. Parte de su t\u00e9rmino municipal est\u00e1 ocupado por la Sierra de Gistredo, donde nace el r\u00edo Noceda y cruza todo el municipio. El pueblo est\u00e1 formado por varios barrios, \u00abVega\u00bb, \u00abSan Pedro\u00bb y \u00abR\u00edo\u00bb, nosotros nos encontramos en el barrio de \u00abSan Pedro\u00bb. Estamos a 23 km de Ponferrada y a 12 &nbsp;km de Bembibre. Muy bien comunicados ya que estamos a 10 km de la Autovia A-6.<\/span><\/td>\n<\/tr>\n<tr>\n<td>&nbsp;<img decoding=\"async\" loading=\"lazy\" class=\"alignnone size-full wp-image-334\" src=\"http:\/\/lasfontaninas.es\/hotelruralbierzo\/wp-content\/uploads\/2015\/05\/Mapa-Hotel-Rural-Las-Fontaninas.jpg\" alt=\"Mapa Hotel Rural Las Fontaninas\" width=\"955\" height=\"395\" srcset=\"https:\/\/lasfontaninas.es\/hotelruralbierzo\/wp-content\/uploads\/2015\/05\/Mapa-Hotel-Rural-Las-Fontaninas.jpg 955w, https:\/\/lasfontaninas.es\/hotelruralbierzo\/wp-content\/uploads\/2015\/05\/Mapa-Hotel-Rural-Las-Fontaninas-300x124.jpg 300w\" sizes=\"(max-width: 955px) 100vw, 955px\" \/><\/td>\n<\/tr>\n<tr>\n<td><span style=\"color: #000000;\">Desde la A-6 Madrid-Coru\u00f1a salida 371. Desde Coru\u00f1a-Madrid salida 372. Accederemos a la localidad de San Rom\u00e1n de Bembibre. Desde aqu\u00ed no incorporamos a CV &#8211; 127.1, por la que accedemos a Noceda del Bierzo tras recorrer una distancia a 10km. Una vez en Noceda, seguir las indicaciones de Ruta de las Fuentes o residencia de la tercera edad. <\/span><\/td>\n<\/tr>\n<\/tbody>\n<\/table>\n","protected":false},"excerpt":{"rendered":"<p>Nos encontramos en Noceda del Bierzo, Municipio de la Comarca del Bierzo, en la provincia de Le\u00f3n, lugar precioso donde abundan los casta\u00f1os, robles, nogales y verdes prados. Parte de su t\u00e9rmino municipal est\u00e1 ocupado por la Sierra de Gistredo, donde nace el r\u00edo Noceda y cruza todo el municipio. El pueblo est\u00e1 formado por [&hellip;]<\/p>\n","protected":false},"author":2,"featured_media":0,"parent":0,"menu_order":0,"comment_status":"closed","ping_status":"closed","template":"","meta":[],"_links":{"self":[{"href":"https:\/\/lasfontaninas.es\/hotelruralbierzo\/wp-json\/wp\/v2\/pages\/328"}],"collection":[{"href":"https:\/\/lasfontaninas.es\/hotelruralbierzo\/wp-json\/wp\/v2\/pages"}],"about":[{"href":"https:\/\/lasfontaninas.es\/hotelruralbierzo\/wp-json\/wp\/v2\/types\/page"}],"author":[{"embeddable":true,"href":"https:\/\/lasfontaninas.es\/hotelruralbierzo\/wp-json\/wp\/v2\/users\/2"}],"replies":[{"embeddable":true,"href":"https:\/\/lasfontaninas.es\/hotelruralbierzo\/wp-json\/wp\/v2\/comments?post=328"}],"version-history":[{"count":1,"href":"https:\/\/lasfontaninas.es\/hotelruralbierzo\/wp-json\/wp\/v2\/pages\/328\/revisions"}],"predecessor-version":[{"id":857,"href":"https:\/\/lasfontaninas.es\/hotelruralbierzo\/wp-json\/wp\/v2\/pages\/328\/revisions\/857"}],"wp:attachment":[{"href":"https:\/\/lasfontaninas.es\/hotelruralbierzo\/wp-json\/wp\/v2\/media?parent=328"}],"curies":[{"name":"wp","href":"https:\/\/api.w.org\/{rel}","templated":true}]}}