
{"id":479,"date":"2015-05-22T14:39:45","date_gmt":"2015-05-22T14:39:45","guid":{"rendered":"http:\/\/lasfontaninas.es\/vacaciones\/?page_id=479"},"modified":"2022-11-16T15:16:45","modified_gmt":"2022-11-16T15:16:45","slug":"conocenos","status":"publish","type":"page","link":"https:\/\/lasfontaninas.es\/hotelruralbierzo\/conocenos\/","title":{"rendered":"CONOCENOS"},"content":{"rendered":"<table>\n<tbody>\n<tr>\n<td><span style=\"text-decoration: underline;\"><span style=\"color: #993300; text-decoration: underline;\"><strong>NOCEDA DEL BIERZO<\/strong><\/span><\/span><\/p>\n<p><span style=\"color: #000000;\">Nos encontramos en Noceda del Bierzo, Municipio de la Comarca de El Bierzo, limitando con Asturias y Galicia, en la provincia de Le\u00f3n, concretamente en el Bierzo Alto, lugar precioso donde abundan los casta\u00f1os, robles, nogales y verdes prados.<\/span><br \/>\n<span style=\"color: #000000;\"> Parte de su t\u00e9rmino municipal est\u00e1 ocupado por la Sierra de Gistredo, donde nace el r\u00edo Noceda y cruza todo el municipio. El pueblo est\u00e1 formado por tres barrios, \u00abVega\u00bb, \u00abSan Pedro\u00bb y \u00abRio\u00bb, nosotros nos encontramos en el barrio de San Pedro.<\/span><\/p>\n\n\t\t<style type=\"text\/css\">\n\t\t\t#gallery-1 {\n\t\t\t\tmargin: auto;\n\t\t\t}\n\t\t\t#gallery-1 .gallery-item {\n\t\t\t\tfloat: left;\n\t\t\t\tmargin-top: 10px;\n\t\t\t\ttext-align: center;\n\t\t\t\twidth: 20%;\n\t\t\t}\n\t\t\t#gallery-1 img {\n\t\t\t\tborder: 2px solid #cfcfcf;\n\t\t\t}\n\t\t\t#gallery-1 .gallery-caption {\n\t\t\t\tmargin-left: 0;\n\t\t\t}\n\t\t\t\/* see gallery_shortcode() in wp-includes\/media.php *\/\n\t\t<\/style>\n\t\t<div id='gallery-1' class='gallery galleryid-479 gallery-columns-5 gallery-size-thumbnail'><dl class='gallery-item'>\n\t\t\t<dt class='gallery-icon landscape'>\n\t\t\t\t<a href='https:\/\/lasfontaninas.es\/hotelruralbierzo\/wp-content\/uploads\/2015\/05\/noceda2.jpg' title=\"\" data-rl_title=\"\" class=\"rl-gallery-link\" data-rl_caption=\"\" data-rel=\"lightbox-gallery-1\"><img width=\"150\" height=\"150\" src=\"https:\/\/lasfontaninas.es\/hotelruralbierzo\/wp-content\/uploads\/2015\/05\/noceda2-150x150.jpg\" class=\"attachment-thumbnail size-thumbnail\" alt=\"\" decoding=\"async\" loading=\"lazy\" aria-describedby=\"gallery-1-689\" \/><\/a>\n\t\t\t<\/dt>\n\t\t\t\t<dd class='wp-caption-text gallery-caption' id='gallery-1-689'>\n\t\t\t\tNoceda\n\t\t\t\t<\/dd><\/dl><dl class='gallery-item'>\n\t\t\t<dt class='gallery-icon landscape'>\n\t\t\t\t<a href='https:\/\/lasfontaninas.es\/hotelruralbierzo\/wp-content\/uploads\/2015\/05\/Noceda-del-Bierzo-_baja\u00a9-Antonio-Vega1.jpg' title=\"\" data-rl_title=\"\" class=\"rl-gallery-link\" data-rl_caption=\"\" data-rel=\"lightbox-gallery-1\"><img width=\"150\" height=\"150\" src=\"https:\/\/lasfontaninas.es\/hotelruralbierzo\/wp-content\/uploads\/2015\/05\/Noceda-del-Bierzo-_baja\u00a9-Antonio-Vega1-150x150.jpg\" class=\"attachment-thumbnail size-thumbnail\" alt=\"\" decoding=\"async\" loading=\"lazy\" aria-describedby=\"gallery-1-686\" \/><\/a>\n\t\t\t<\/dt>\n\t\t\t\t<dd class='wp-caption-text gallery-caption' id='gallery-1-686'>\n\t\t\t\tNoceda\n\t\t\t\t<\/dd><\/dl><dl class='gallery-item'>\n\t\t\t<dt class='gallery-icon landscape'>\n\t\t\t\t<a href='https:\/\/lasfontaninas.es\/hotelruralbierzo\/wp-content\/uploads\/2015\/05\/noceda.jpg' title=\"\" data-rl_title=\"\" class=\"rl-gallery-link\" data-rl_caption=\"\" data-rel=\"lightbox-gallery-1\"><img width=\"150\" height=\"150\" src=\"https:\/\/lasfontaninas.es\/hotelruralbierzo\/wp-content\/uploads\/2015\/05\/noceda-150x150.jpg\" class=\"attachment-thumbnail size-thumbnail\" alt=\"\" decoding=\"async\" loading=\"lazy\" aria-describedby=\"gallery-1-685\" \/><\/a>\n\t\t\t<\/dt>\n\t\t\t\t<dd class='wp-caption-text gallery-caption' id='gallery-1-685'>\n\t\t\t\tNoceda\n\t\t\t\t<\/dd><\/dl><dl class='gallery-item'>\n\t\t\t<dt class='gallery-icon landscape'>\n\t\t\t\t<a href='https:\/\/lasfontaninas.es\/hotelruralbierzo\/wp-content\/uploads\/2015\/05\/El-valle-de-Noceda.jpg' title=\"\" data-rl_title=\"\" class=\"rl-gallery-link\" data-rl_caption=\"\" data-rel=\"lightbox-gallery-1\"><img width=\"150\" height=\"150\" src=\"https:\/\/lasfontaninas.es\/hotelruralbierzo\/wp-content\/uploads\/2015\/05\/El-valle-de-Noceda-150x150.jpg\" class=\"attachment-thumbnail size-thumbnail\" alt=\"\" decoding=\"async\" loading=\"lazy\" aria-describedby=\"gallery-1-684\" \/><\/a>\n\t\t\t<\/dt>\n\t\t\t\t<dd class='wp-caption-text gallery-caption' id='gallery-1-684'>\n\t\t\t\tNoceda\n\t\t\t\t<\/dd><\/dl><dl class='gallery-item'>\n\t\t\t<dt class='gallery-icon landscape'>\n\t\t\t\t<a href='https:\/\/lasfontaninas.es\/hotelruralbierzo\/wp-content\/uploads\/2015\/05\/Noceda-invernal.jpg' title=\"\" data-rl_title=\"\" class=\"rl-gallery-link\" data-rl_caption=\"\" data-rel=\"lightbox-gallery-1\"><img width=\"150\" height=\"150\" src=\"https:\/\/lasfontaninas.es\/hotelruralbierzo\/wp-content\/uploads\/2015\/05\/Noceda-invernal-150x150.jpg\" class=\"attachment-thumbnail size-thumbnail\" alt=\"\" decoding=\"async\" loading=\"lazy\" aria-describedby=\"gallery-1-680\" \/><\/a>\n\t\t\t<\/dt>\n\t\t\t\t<dd class='wp-caption-text gallery-caption' id='gallery-1-680'>\n\t\t\t\tNoceda\n\t\t\t\t<\/dd><\/dl><br style=\"clear: both\" \/>\n\t\t<\/div>\n\n<p><span style=\"color: #000000;\">Noceda tambi\u00e9n tiene piscina municipal, abierta en el mes de Julio y Agosto.<\/span><br \/>\n<span style=\"color: #000000;\"> Una piscina para los mas peque\u00f1os y otra para adultos. Es obligatorio un gorro para el ba\u00f1o. Se encuentra a poca distancia de Las Fontaninas.<br \/>\n<\/span><\/p>\n\n\t\t<style type=\"text\/css\">\n\t\t\t#gallery-2 {\n\t\t\t\tmargin: auto;\n\t\t\t}\n\t\t\t#gallery-2 .gallery-item {\n\t\t\t\tfloat: left;\n\t\t\t\tmargin-top: 10px;\n\t\t\t\ttext-align: center;\n\t\t\t\twidth: 25%;\n\t\t\t}\n\t\t\t#gallery-2 img {\n\t\t\t\tborder: 2px solid #cfcfcf;\n\t\t\t}\n\t\t\t#gallery-2 .gallery-caption {\n\t\t\t\tmargin-left: 0;\n\t\t\t}\n\t\t\t\/* see gallery_shortcode() in wp-includes\/media.php *\/\n\t\t<\/style>\n\t\t<div id='gallery-2' class='gallery galleryid-479 gallery-columns-4 gallery-size-thumbnail'><dl class='gallery-item'>\n\t\t\t<dt class='gallery-icon landscape'>\n\t\t\t\t<a href='https:\/\/lasfontaninas.es\/hotelruralbierzo\/wp-content\/uploads\/2019\/07\/piscina.jpg' title=\"\" data-rl_title=\"\" class=\"rl-gallery-link\" data-rl_caption=\"\" data-rel=\"lightbox-gallery-2\"><img width=\"150\" height=\"150\" src=\"https:\/\/lasfontaninas.es\/hotelruralbierzo\/wp-content\/uploads\/2019\/07\/piscina-150x150.jpg\" class=\"attachment-thumbnail size-thumbnail\" alt=\"\" decoding=\"async\" loading=\"lazy\" aria-describedby=\"gallery-2-786\" \/><\/a>\n\t\t\t<\/dt>\n\t\t\t\t<dd class='wp-caption-text gallery-caption' id='gallery-2-786'>\n\t\t\t\tPiscina Municipal Noceda\n\t\t\t\t<\/dd><\/dl><dl class='gallery-item'>\n\t\t\t<dt class='gallery-icon landscape'>\n\t\t\t\t<a href='https:\/\/lasfontaninas.es\/hotelruralbierzo\/wp-content\/uploads\/2019\/07\/piscina2.jpg' title=\"\" data-rl_title=\"\" class=\"rl-gallery-link\" data-rl_caption=\"\" data-rel=\"lightbox-gallery-2\"><img width=\"150\" height=\"150\" src=\"https:\/\/lasfontaninas.es\/hotelruralbierzo\/wp-content\/uploads\/2019\/07\/piscina2-150x150.jpg\" class=\"attachment-thumbnail size-thumbnail\" alt=\"\" decoding=\"async\" loading=\"lazy\" aria-describedby=\"gallery-2-787\" \/><\/a>\n\t\t\t<\/dt>\n\t\t\t\t<dd class='wp-caption-text gallery-caption' id='gallery-2-787'>\n\t\t\t\tPiscina Municipal Noceda\n\t\t\t\t<\/dd><\/dl><dl class='gallery-item'>\n\t\t\t<dt class='gallery-icon landscape'>\n\t\t\t\t<a href='https:\/\/lasfontaninas.es\/hotelruralbierzo\/wp-content\/uploads\/2019\/07\/piscina3.jpg' title=\"\" data-rl_title=\"\" class=\"rl-gallery-link\" data-rl_caption=\"\" data-rel=\"lightbox-gallery-2\"><img width=\"150\" height=\"150\" src=\"https:\/\/lasfontaninas.es\/hotelruralbierzo\/wp-content\/uploads\/2019\/07\/piscina3-150x150.jpg\" class=\"attachment-thumbnail size-thumbnail\" alt=\"\" decoding=\"async\" loading=\"lazy\" aria-describedby=\"gallery-2-788\" \/><\/a>\n\t\t\t<\/dt>\n\t\t\t\t<dd class='wp-caption-text gallery-caption' id='gallery-2-788'>\n\t\t\t\tPiscina Municipal Noceda\n\t\t\t\t<\/dd><\/dl><dl class='gallery-item'>\n\t\t\t<dt class='gallery-icon landscape'>\n\t\t\t\t<a href='https:\/\/lasfontaninas.es\/hotelruralbierzo\/wp-content\/uploads\/2019\/07\/piscina4.jpg' title=\"\" data-rl_title=\"\" class=\"rl-gallery-link\" data-rl_caption=\"\" data-rel=\"lightbox-gallery-2\"><img width=\"150\" height=\"150\" src=\"https:\/\/lasfontaninas.es\/hotelruralbierzo\/wp-content\/uploads\/2019\/07\/piscina4-150x150.jpg\" class=\"attachment-thumbnail size-thumbnail\" alt=\"\" decoding=\"async\" loading=\"lazy\" aria-describedby=\"gallery-2-789\" \/><\/a>\n\t\t\t<\/dt>\n\t\t\t\t<dd class='wp-caption-text gallery-caption' id='gallery-2-789'>\n\t\t\t\tPiscina Municipal Noceda\n\t\t\t\t<\/dd><\/dl><br style=\"clear: both\" \/>\n\t\t<\/div>\n\n<p><span style=\"color: #000000;\">Alrededor de la piscina municipal de Noceda del Bierzo, se encuentra el campo de futbol y las instalaciones deportivas. Tambi\u00e9n podr\u00e1s visitar el museo, la ruta de los molinos, el lagar, el horno y sus ermitas que hay en cada barrio, como la de las Chanas, San Pedro y San Bartolo.<\/span><br \/>\n<span style=\"color: #000000;\"> Noceda tiene ayuntamiento, casa de la cultura, farmacia, estanco y otros establecimientos como bar Paco, Rio Verde, El Verdenal y Las Chanas .<\/span><br \/>\n<span style=\"color: #000000;\"> En el Bierzo Alto existe un microclima en el cual cualquier \u00e9poca del a\u00f1o te encantar\u00e1.<\/span><\/td>\n<\/tr>\n<\/tbody>\n<\/table>\n<p><strong><span style=\"text-decoration: underline;\"><span style=\"color: #993300; text-decoration: underline;\">\u00a0<\/span><\/span><\/strong><\/p>\n","protected":false},"excerpt":{"rendered":"<p>NOCEDA DEL BIERZO Nos encontramos en Noceda del Bierzo, Municipio de la Comarca de El Bierzo, limitando con Asturias y Galicia, en la provincia de Le\u00f3n, concretamente en el Bierzo Alto, lugar precioso donde abundan los casta\u00f1os, robles, nogales y verdes prados. Parte de su t\u00e9rmino municipal est\u00e1 ocupado por la Sierra de Gistredo, donde [&hellip;]<\/p>\n","protected":false},"author":2,"featured_media":0,"parent":0,"menu_order":0,"comment_status":"closed","ping_status":"closed","template":"","meta":[],"_links":{"self":[{"href":"https:\/\/lasfontaninas.es\/hotelruralbierzo\/wp-json\/wp\/v2\/pages\/479"}],"collection":[{"href":"https:\/\/lasfontaninas.es\/hotelruralbierzo\/wp-json\/wp\/v2\/pages"}],"about":[{"href":"https:\/\/lasfontaninas.es\/hotelruralbierzo\/wp-json\/wp\/v2\/types\/page"}],"author":[{"embeddable":true,"href":"https:\/\/lasfontaninas.es\/hotelruralbierzo\/wp-json\/wp\/v2\/users\/2"}],"replies":[{"embeddable":true,"href":"https:\/\/lasfontaninas.es\/hotelruralbierzo\/wp-json\/wp\/v2\/comments?post=479"}],"version-history":[{"count":24,"href":"https:\/\/lasfontaninas.es\/hotelruralbierzo\/wp-json\/wp\/v2\/pages\/479\/revisions"}],"predecessor-version":[{"id":859,"href":"https:\/\/lasfontaninas.es\/hotelruralbierzo\/wp-json\/wp\/v2\/pages\/479\/revisions\/859"}],"wp:attachment":[{"href":"https:\/\/lasfontaninas.es\/hotelruralbierzo\/wp-json\/wp\/v2\/media?parent=479"}],"curies":[{"name":"wp","href":"https:\/\/api.w.org\/{rel}","templated":true}]}}

<table>
<tbody>
<tr>
<td><span style="text-decoration: underline;"><span style="color: #993300; text-decoration: underline;"><strong>NOCEDA DEL BIERZO</strong></span></span></p>
<p><span style="color: #000000;">Nos encontramos en Noceda del Bierzo, Municipio de la Comarca de El Bierzo, limitando con Asturias y Galicia, en la provincia de León, concretamente en el Bierzo Alto, lugar precioso donde abundan los castaños, robles, nogales y verdes prados.</span><br />
<span style="color: #000000;"> Parte de su término municipal está ocupado por la Sierra de Gistredo, donde nace el río Noceda y cruza todo el municipio. El pueblo está formado por tres barrios, «Vega», «San Pedro» y «Rio», nosotros nos encontramos en el barrio de San Pedro.</span></p>

		<style type="text/css">
			#gallery-1 {
				margin: auto;
			}
			#gallery-1 .gallery-item {
				float: left;
				margin-top: 10px;
				text-align: center;
				width: 20%;
			}
			#gallery-1 img {
				border: 2px solid #cfcfcf;
			}
			#gallery-1 .gallery-caption {
				margin-left: 0;
			}
			/* see gallery_shortcode() in wp-includes/media.php */
		</style>
		<div id='gallery-1' class='gallery galleryid-479 gallery-columns-5 gallery-size-thumbnail'><dl class='gallery-item'>
			<dt class='gallery-icon landscape'>
				<a href='https://lasfontaninas.es/hotelruralbierzo/wp-content/uploads/2015/05/noceda2.jpg' title="" data-rl_title="" class="rl-gallery-link" data-rl_caption="" data-rel="lightbox-gallery-1"><img width="150" height="150" src="https://lasfontaninas.es/hotelruralbierzo/wp-content/uploads/2015/05/noceda2-150x150.jpg" class="attachment-thumbnail size-thumbnail" alt="" decoding="async" loading="lazy" aria-describedby="gallery-1-689" /></a>
			</dt>
				<dd class='wp-caption-text gallery-caption' id='gallery-1-689'>
				Noceda
				</dd></dl><dl class='gallery-item'>
			<dt class='gallery-icon landscape'>
				<a href='https://lasfontaninas.es/hotelruralbierzo/wp-content/uploads/2015/05/Noceda-del-Bierzo-_baja©-Antonio-Vega1.jpg' title="" data-rl_title="" class="rl-gallery-link" data-rl_caption="" data-rel="lightbox-gallery-1"><img width="150" height="150" src="https://lasfontaninas.es/hotelruralbierzo/wp-content/uploads/2015/05/Noceda-del-Bierzo-_baja©-Antonio-Vega1-150x150.jpg" class="attachment-thumbnail size-thumbnail" alt="" decoding="async" loading="lazy" aria-describedby="gallery-1-686" /></a>
			</dt>
				<dd class='wp-caption-text gallery-caption' id='gallery-1-686'>
				Noceda
				</dd></dl><dl class='gallery-item'>
			<dt class='gallery-icon landscape'>
				<a href='https://lasfontaninas.es/hotelruralbierzo/wp-content/uploads/2015/05/noceda.jpg' title="" data-rl_title="" class="rl-gallery-link" data-rl_caption="" data-rel="lightbox-gallery-1"><img width="150" height="150" src="https://lasfontaninas.es/hotelruralbierzo/wp-content/uploads/2015/05/noceda-150x150.jpg" class="attachment-thumbnail size-thumbnail" alt="" decoding="async" loading="lazy" aria-describedby="gallery-1-685" /></a>
			</dt>
				<dd class='wp-caption-text gallery-caption' id='gallery-1-685'>
				Noceda
				</dd></dl><dl class='gallery-item'>
			<dt class='gallery-icon landscape'>
				<a href='https://lasfontaninas.es/hotelruralbierzo/wp-content/uploads/2015/05/El-valle-de-Noceda.jpg' title="" data-rl_title="" class="rl-gallery-link" data-rl_caption="" data-rel="lightbox-gallery-1"><img width="150" height="150" src="https://lasfontaninas.es/hotelruralbierzo/wp-content/uploads/2015/05/El-valle-de-Noceda-150x150.jpg" class="attachment-thumbnail size-thumbnail" alt="" decoding="async" loading="lazy" aria-describedby="gallery-1-684" /></a>
			</dt>
				<dd class='wp-caption-text gallery-caption' id='gallery-1-684'>
				Noceda
				</dd></dl><dl class='gallery-item'>
			<dt class='gallery-icon landscape'>
				<a href='https://lasfontaninas.es/hotelruralbierzo/wp-content/uploads/2015/05/Noceda-invernal.jpg' title="" data-rl_title="" class="rl-gallery-link" data-rl_caption="" data-rel="lightbox-gallery-1"><img width="150" height="150" src="https://lasfontaninas.es/hotelruralbierzo/wp-content/uploads/2015/05/Noceda-invernal-150x150.jpg" class="attachment-thumbnail size-thumbnail" alt="" decoding="async" loading="lazy" aria-describedby="gallery-1-680" /></a>
			</dt>
				<dd class='wp-caption-text gallery-caption' id='gallery-1-680'>
				Noceda
				</dd></dl><br style="clear: both" />
		</div>

<p><span style="color: #000000;">Noceda también tiene piscina municipal, abierta en el mes de Julio y Agosto.</span><br />
<span style="color: #000000;"> Una piscina para los mas pequeños y otra para adultos. Es obligatorio un gorro para el baño. Se encuentra a poca distancia de Las Fontaninas.<br />
</span></p>

		<style type="text/css">
			#gallery-2 {
				margin: auto;
			}
			#gallery-2 .gallery-item {
				float: left;
				margin-top: 10px;
				text-align: center;
				width: 25%;
			}
			#gallery-2 img {
				border: 2px solid #cfcfcf;
			}
			#gallery-2 .gallery-caption {
				margin-left: 0;
			}
			/* see gallery_shortcode() in wp-includes/media.php */
		</style>
		<div id='gallery-2' class='gallery galleryid-479 gallery-columns-4 gallery-size-thumbnail'><dl class='gallery-item'>
			<dt class='gallery-icon landscape'>
				<a href='https://lasfontaninas.es/hotelruralbierzo/wp-content/uploads/2019/07/piscina.jpg' title="" data-rl_title="" class="rl-gallery-link" data-rl_caption="" data-rel="lightbox-gallery-2"><img width="150" height="150" src="https://lasfontaninas.es/hotelruralbierzo/wp-content/uploads/2019/07/piscina-150x150.jpg" class="attachment-thumbnail size-thumbnail" alt="" decoding="async" loading="lazy" aria-describedby="gallery-2-786" /></a>
			</dt>
				<dd class='wp-caption-text gallery-caption' id='gallery-2-786'>
				Piscina Municipal Noceda
				</dd></dl><dl class='gallery-item'>
			<dt class='gallery-icon landscape'>
				<a href='https://lasfontaninas.es/hotelruralbierzo/wp-content/uploads/2019/07/piscina2.jpg' title="" data-rl_title="" class="rl-gallery-link" data-rl_caption="" data-rel="lightbox-gallery-2"><img width="150" height="150" src="https://lasfontaninas.es/hotelruralbierzo/wp-content/uploads/2019/07/piscina2-150x150.jpg" class="attachment-thumbnail size-thumbnail" alt="" decoding="async" loading="lazy" aria-describedby="gallery-2-787" /></a>
			</dt>
				<dd class='wp-caption-text gallery-caption' id='gallery-2-787'>
				Piscina Municipal Noceda
				</dd></dl><dl class='gallery-item'>
			<dt class='gallery-icon landscape'>
				<a href='https://lasfontaninas.es/hotelruralbierzo/wp-content/uploads/2019/07/piscina3.jpg' title="" data-rl_title="" class="rl-gallery-link" data-rl_caption="" data-rel="lightbox-gallery-2"><img width="150" height="150" src="https://lasfontaninas.es/hotelruralbierzo/wp-content/uploads/2019/07/piscina3-150x150.jpg" class="attachment-thumbnail size-thumbnail" alt="" decoding="async" loading="lazy" aria-describedby="gallery-2-788" /></a>
			</dt>
				<dd class='wp-caption-text gallery-caption' id='gallery-2-788'>
				Piscina Municipal Noceda
				</dd></dl><dl class='gallery-item'>
			<dt class='gallery-icon landscape'>
				<a href='https://lasfontaninas.es/hotelruralbierzo/wp-content/uploads/2019/07/piscina4.jpg' title="" data-rl_title="" class="rl-gallery-link" data-rl_caption="" data-rel="lightbox-gallery-2"><img width="150" height="150" src="https://lasfontaninas.es/hotelruralbierzo/wp-content/uploads/2019/07/piscina4-150x150.jpg" class="attachment-thumbnail size-thumbnail" alt="" decoding="async" loading="lazy" aria-describedby="gallery-2-789" /></a>
			</dt>
				<dd class='wp-caption-text gallery-caption' id='gallery-2-789'>
				Piscina Municipal Noceda
				</dd></dl><br style="clear: both" />
		</div>

<p><span style="color: #000000;">Alrededor de la piscina municipal de Noceda del Bierzo, se encuentra el campo de futbol y las instalaciones deportivas. También podrás visitar el museo, la ruta de los molinos, el lagar, el horno y sus ermitas que hay en cada barrio, como la de las Chanas, San Pedro y San Bartolo.</span><br />
<span style="color: #000000;"> Noceda tiene ayuntamiento, casa de la cultura, farmacia, estanco y otros establecimientos como bar Paco, Rio Verde, El Verdenal y Las Chanas .</span><br />
<span style="color: #000000;"> En el Bierzo Alto existe un microclima en el cual cualquier época del año te encantará.</span></td>
</tr>
</tbody>
</table>
<p><strong><span style="text-decoration: underline;"><span style="color: #993300; text-decoration: underline;"> </span></span></strong></p>

<p>NOCEDA DEL BIERZO Nos encontramos en Noceda del Bierzo, Municipio de la Comarca de El Bierzo, limitando con Asturias y Galicia, en la provincia de León, concretamente en el Bierzo Alto, lugar precioso donde abundan los castaños, robles, nogales y verdes prados. Parte de su término municipal está ocupado por la Sierra de Gistredo, donde [&hellip;]</p>
